{"id":6,"date":"2025-11-21T22:26:08","date_gmt":"2025-11-21T22:26:08","guid":{"rendered":"https:\/\/adoproyoga.org\/wordpress\/index.php\/home\/"},"modified":"2025-11-21T23:07:16","modified_gmt":"2025-11-21T23:07:16","slug":"home","status":"publish","type":"page","link":"https:\/\/adoproyoga.org\/wordpress\/","title":{"rendered":""},"content":{"rendered":"\n<div class=\"wp-block-group alignfull has-global-padding is-layout-constrained wp-block-group-is-layout-constrained\" style=\"margin-top:0;margin-bottom:0\">\n<div class=\"wp-block-columns alignfull is-layout-flex wp-container-core-columns-is-layout-9c22b1e3 wp-block-columns-is-layout-flex\">\n<div class=\"wp-block-column is-layout-flow wp-block-column-is-layout-flow\" style=\"flex-basis:55%\">\n<div style=\"aspect-ratio:1;min-height:unset;\" class=\"wp-block-cover is-light has-aspect-ratio\"><img loading=\"lazy\" decoding=\"async\" width=\"886\" height=\"895\" class=\"wp-block-cover__image-background wp-image-10 size-full\" alt=\"Logo Adoproyoga\" src=\"https:\/\/adoproyoga.org\/wordpress\/wp-content\/uploads\/2025\/11\/cropped-Logo-Adoproyoga.png\" data-object-fit=\"cover\" srcset=\"https:\/\/adoproyoga.org\/wordpress\/wp-content\/uploads\/2025\/11\/cropped-Logo-Adoproyoga.png 886w, https:\/\/adoproyoga.org\/wordpress\/wp-content\/uploads\/2025\/11\/cropped-Logo-Adoproyoga-297x300.png 297w, https:\/\/adoproyoga.org\/wordpress\/wp-content\/uploads\/2025\/11\/cropped-Logo-Adoproyoga-768x776.png 768w\" sizes=\"auto, (max-width: 886px) 100vw, 886px\" \/><span aria-hidden=\"true\" class=\"wp-block-cover__background has-background-dim-0 has-background-dim\" style=\"background-color:#fbf9f8\"><\/span><div class=\"wp-block-cover__inner-container is-layout-flow wp-block-cover-is-layout-flow\">\n<div style=\"height:var(--wp--preset--spacing--20)\" aria-hidden=\"true\" class=\"wp-block-spacer\"><\/div>\n<\/div><\/div>\n<\/div>\n\n\n\n<div class=\"wp-block-column is-vertically-aligned-center is-layout-flow wp-block-column-is-layout-flow\" style=\"padding-top:var(--wp--preset--spacing--60);padding-right:var(--wp--preset--spacing--60);padding-bottom:var(--wp--preset--spacing--60);padding-left:var(--wp--preset--spacing--60)\">\n<h2 class=\"wp-block-heading has-xx-large-font-size\">Acerca de<\/h2>\n\n\n\n<p>La Asociaci\u00f3n Dominicana de Profesores de Yoga y Yogaterapeutas (Adoproyoga) promueve la difusi\u00f3n y ense\u00f1anza del yoga y el ayurveda en la Rep\u00fablica Dominicana, impulsando su pr\u00e1ctica como camino de bienestar, conciencia y equilibrio.<\/p>\n\n\n\n<p class=\"has-medium-font-size\"><\/p>\n<\/div>\n<\/div>\n<\/div>\n\n\n\n<div class=\"wp-block-group alignfull has-global-padding is-layout-constrained wp-block-group-is-layout-constrained\" style=\"margin-top:0;margin-bottom:0;padding-top:var(--wp--preset--spacing--50);padding-bottom:var(--wp--preset--spacing--50)\"><\/div>\n\n\n\n<div class=\"wp-block-group alignfull has-global-padding is-layout-constrained wp-block-group-is-layout-constrained\" style=\"margin-top:0;margin-bottom:0\">\n<div class=\"wp-block-group alignwide is-layout-flow wp-container-core-group-is-layout-d58a0413 wp-block-group-is-layout-flow\" style=\"padding-top:var(--wp--preset--spacing--50);padding-bottom:var(--wp--preset--spacing--50)\">\n<h2 class=\"wp-block-heading has-x-large-font-size\">Valores<\/h2>\n\n\n\n<div class=\"wp-block-columns is-layout-flex wp-container-core-columns-is-layout-cbe57604 wp-block-columns-is-layout-flex\">\n<div class=\"wp-block-column is-layout-flow wp-block-column-is-layout-flow\">\n<div class=\"wp-block-group is-layout-flow wp-block-group-is-layout-flow\" style=\"border-top-color:var(--wp--preset--color--accent-6);border-top-width:1px;padding-top:var(--wp--preset--spacing--30);padding-bottom:var(--wp--preset--spacing--30)\">\n<h3 class=\"wp-block-heading\"><strong><strong>Integridad<\/strong><\/strong><\/h3>\n\n\n\n<p>Los miembros de Adoproyoga act\u00faan con veracidad y transparencia, honrando los valores y los principios morales y \u00e9ticos.<\/p>\n<\/div>\n<\/div>\n\n\n\n<div class=\"wp-block-column is-layout-flow wp-block-column-is-layout-flow\">\n<div class=\"wp-block-group is-layout-flow wp-block-group-is-layout-flow\" style=\"border-top-color:var(--wp--preset--color--accent-6);border-top-width:1px;padding-top:var(--wp--preset--spacing--30);padding-bottom:var(--wp--preset--spacing--30)\">\n<h3 class=\"wp-block-heading\"><strong>Respeto<\/strong><\/h3>\n\n\n\n<p>Los miembros de Adoproyoga reconocen el valor propio, as\u00ed como el valor de los dem\u00e1s y act\u00faan conforme a esto.<\/p>\n<\/div>\n<\/div>\n<\/div>\n\n\n\n<div class=\"wp-block-columns is-layout-flex wp-container-core-columns-is-layout-cbe57604 wp-block-columns-is-layout-flex\">\n<div class=\"wp-block-column is-layout-flow wp-block-column-is-layout-flow\">\n<div class=\"wp-block-group is-layout-flow wp-block-group-is-layout-flow\" style=\"border-top-color:var(--wp--preset--color--accent-6);border-top-width:1px;padding-top:var(--wp--preset--spacing--30);padding-bottom:var(--wp--preset--spacing--30)\">\n<h3 class=\"wp-block-heading\"><strong>Compromiso<\/strong><\/h3>\n\n\n\n<p>Los miembros de Adoproyoga cumplen con los acuerdos contra\u00eddos y asumen responsabilidad ante causas encaminadas al bien com\u00fan.<\/p>\n<\/div>\n<\/div>\n\n\n\n<div class=\"wp-block-column is-layout-flow wp-block-column-is-layout-flow\">\n<div class=\"wp-block-group is-layout-flow wp-block-group-is-layout-flow\" style=\"border-top-color:var(--wp--preset--color--accent-6);border-top-width:1px;padding-top:var(--wp--preset--spacing--30);padding-bottom:var(--wp--preset--spacing--30)\">\n<h3 class=\"wp-block-heading\"><strong>Solidaridad<\/strong><\/h3>\n\n\n\n<p>Los miembros de Adoproyoga act\u00faan a favor del bien com\u00fan sin esperar una retribuci\u00f3n personal.<\/p>\n<\/div>\n<\/div>\n<\/div>\n<\/div>\n\n\n\n<div class=\"wp-block-group alignwide is-layout-flow wp-container-core-group-is-layout-d58a0413 wp-block-group-is-layout-flow\" style=\"padding-top:var(--wp--preset--spacing--50);padding-bottom:var(--wp--preset--spacing--50)\">\n<h2 class=\"wp-block-heading has-x-large-font-size\">L\u00edneas de trabajo 2025-2028<\/h2>\n\n\n\n<div class=\"wp-block-columns is-layout-flex wp-container-core-columns-is-layout-cbe57604 wp-block-columns-is-layout-flex\">\n<div class=\"wp-block-column is-layout-flow wp-block-column-is-layout-flow\">\n<div class=\"wp-block-group is-layout-flow wp-block-group-is-layout-flow\" style=\"border-top-color:var(--wp--preset--color--accent-6);border-top-width:1px;padding-top:var(--wp--preset--spacing--30);padding-bottom:var(--wp--preset--spacing--30)\">\n<h3 class=\"wp-block-heading\"><strong>Fortalecimiento institucional<\/strong><\/h3>\n\n\n\n<p>Fortalecer la gesti\u00f3n de Adoproyoga, implementando un modelo participativo con gobernanza basado en la toma de decisiones de manera descentralizada, generando la revisi\u00f3n y documentaci\u00f3n de procesos y procedimientos operativos clave, integrando mecanismos que atraigan nuevos miembros y cohesionen las relaciones internas, as\u00ed como asegurando la sostenibilidad institucional.<\/p>\n<\/div>\n<\/div>\n\n\n\n<div class=\"wp-block-column is-layout-flow wp-block-column-is-layout-flow\">\n<div class=\"wp-block-group is-layout-flow wp-block-group-is-layout-flow\" style=\"border-top-color:var(--wp--preset--color--accent-6);border-top-width:1px;padding-top:var(--wp--preset--spacing--30);padding-bottom:var(--wp--preset--spacing--30)\">\n<h3 class=\"wp-block-heading\"><strong>Proyecci\u00f3n institucional<\/strong><\/h3>\n\n\n\n<p>Fortalecer la identidad y proyecci\u00f3n institucional a trav\u00e9s de la interrelaci\u00f3n y la interacci\u00f3n con los socios y actores clave de la sociedad, fomentando y poniendo en pr\u00e1ctica la filosof\u00eda institucional a trav\u00e9s del desarrollo de programas, proyectos y actividades que aprovechen y expandan las redes y los medios de Adoproyoga para el cumplimiento de su misi\u00f3n.<\/p>\n<\/div>\n<\/div>\n<\/div>\n\n\n\n<div class=\"wp-block-columns is-layout-flex wp-container-core-columns-is-layout-cbe57604 wp-block-columns-is-layout-flex\">\n<div class=\"wp-block-column is-layout-flow wp-block-column-is-layout-flow\">\n<div class=\"wp-block-group is-layout-flow wp-block-group-is-layout-flow\" style=\"border-top-color:var(--wp--preset--color--accent-6);border-top-width:1px;padding-top:var(--wp--preset--spacing--30);padding-bottom:var(--wp--preset--spacing--30)\">\n<h3 class=\"wp-block-heading\"><strong>Comunidad<\/strong><\/h3>\n\n\n\n<p>Desarrollar actividades, servicios y productos que contribuyan a la promoci\u00f3n de las mejores pr\u00e1cticas y un ejercicio \u00e9tico entre los profesores de yoga y yogaterapeutas, para que realicen su labor con apego a los valores fundamentales de la filosof\u00eda del yoga, atendiendo las necesidades de los miembros de Adoproyoga y generando sostenibilidad econ\u00f3mica a la instituci\u00f3n incidiendo positivamente en el desarrollo de la comunidad Yoga en la Rep\u00fablica Dominicana y el Caribe.<\/p>\n<\/div>\n<\/div>\n\n\n\n<div class=\"wp-block-column is-layout-flow wp-block-column-is-layout-flow\">\n<div class=\"wp-block-group is-layout-flow wp-block-group-is-layout-flow\" style=\"border-top-color:var(--wp--preset--color--accent-6);border-top-width:1px;padding-top:var(--wp--preset--spacing--30);padding-bottom:var(--wp--preset--spacing--30)\">\n<h3 class=\"wp-block-heading\"><strong>Formaci\u00f3n<\/strong><\/h3>\n\n\n\n<p>Desarrollar programas que contribuyan a preservar, difundir, profundizar y profesionalizar la pr\u00e1ctica del Yoga en sus diversas vertientes en Rep\u00fablica Dominicana y el Caribe, mediante la capacitaci\u00f3n continua de los miembros de la asociaci\u00f3n y cualquier persona interesada en el Yoga a trav\u00e9s de la realizaci\u00f3n de seminarios, congresos y actividades formativas; as\u00ed como tambi\u00e9n actividades de intercambio con otras asociaciones extranjeras con objetivos afines a los de la Asociaci\u00f3n.<\/p>\n<\/div>\n<\/div>\n<\/div>\n<\/div>\n<\/div>\n\n\n\n<aside class=\"wp-block-group alignfull is-style-section-3 has-global-padding is-layout-constrained wp-container-core-group-is-layout-f0f2a97b wp-block-group-is-layout-constrained is-style-section-3--1\" style=\"margin-top:0;margin-bottom:0;padding-top:var(--wp--preset--spacing--50);padding-right:var(--wp--preset--spacing--50);padding-bottom:var(--wp--preset--spacing--50);padding-left:var(--wp--preset--spacing--50)\">\n<div class=\"wp-block-group is-vertical is-content-justification-center is-layout-flex wp-container-core-group-is-layout-8778ca4a wp-block-group-is-layout-flex\" style=\"min-height:360px;margin-top:0;margin-bottom:0\">\n<h2 class=\"wp-block-heading has-text-align-center has-xx-large-font-size\">Int\u00e9grate a Adoproyoga<\/h2>\n\n\n\n<p class=\"has-text-align-center is-style-text-subtitle is-style-text-subtitle--2\"><a href=\"https:\/\/forms.gle\/q3oCRzpbN5EC6hWdA\"><strong>Las primeras 50 personas en completar satisfactoriamente su proceso de inscripci\u00f3n recibir\u00e1n un descuento especial del 60% en las cuotas de membres\u00eda durante el primer a\u00f1o.<\/strong><\/a><\/p>\n\n\n\n<div style=\"height:0px\" aria-hidden=\"true\" class=\"wp-block-spacer wp-container-content-62aae154\"><\/div>\n\n\n\n<div class=\"wp-block-buttons is-content-justification-center is-layout-flex wp-container-core-buttons-is-layout-a89b3969 wp-block-buttons-is-layout-flex\">\n<div class=\"wp-block-button\"><a class=\"wp-block-button__link has-text-align-center wp-element-button\" href=\"https:\/\/forms.gle\/q3oCRzpbN5EC6hWdA\">Unirme<\/a><\/div>\n<\/div>\n<\/div>\n<\/aside>\n\n\n\n<p><\/p>\n","protected":false},"excerpt":{"rendered":"<p>Acerca de La Asociaci\u00f3n Dominicana de Profesores de Yoga y Yogaterapeutas (Adoproyoga) promueve la difusi\u00f3n y ense\u00f1anza del yoga y el ayurveda en la Rep\u00fablica Dominicana, impulsando su pr\u00e1ctica como camino de bienestar, conciencia y equilibrio. Valores Integridad Los miembros de Adoproyoga act\u00faan con veracidad y transparencia, honrando los valores y los principios morales y [&hellip;]<\/p>\n","protected":false},"author":1,"featured_media":0,"parent":0,"menu_order":0,"comment_status":"closed","ping_status":"closed","template":"template-homepage.php","meta":{"footnotes":""},"class_list":["post-6","page","type-page","status-publish","hentry"],"_links":{"self":[{"href":"https:\/\/adoproyoga.org\/wordpress\/index.php\/wp-json\/wp\/v2\/pages\/6","targetHints":{"allow":["GET"]}}],"collection":[{"href":"https:\/\/adoproyoga.org\/wordpress\/index.php\/wp-json\/wp\/v2\/pages"}],"about":[{"href":"https:\/\/adoproyoga.org\/wordpress\/index.php\/wp-json\/wp\/v2\/types\/page"}],"author":[{"embeddable":true,"href":"https:\/\/adoproyoga.org\/wordpress\/index.php\/wp-json\/wp\/v2\/users\/1"}],"replies":[{"embeddable":true,"href":"https:\/\/adoproyoga.org\/wordpress\/index.php\/wp-json\/wp\/v2\/comments?post=6"}],"version-history":[{"count":2,"href":"https:\/\/adoproyoga.org\/wordpress\/index.php\/wp-json\/wp\/v2\/pages\/6\/revisions"}],"predecessor-version":[{"id":20,"href":"https:\/\/adoproyoga.org\/wordpress\/index.php\/wp-json\/wp\/v2\/pages\/6\/revisions\/20"}],"wp:attachment":[{"href":"https:\/\/adoproyoga.org\/wordpress\/index.php\/wp-json\/wp\/v2\/media?parent=6"}],"curies":[{"name":"wp","href":"https:\/\/api.w.org\/{rel}","templated":true}]}}